{"id":69,"date":"2024-02-29T09:39:01","date_gmt":"2024-02-29T08:39:01","guid":{"rendered":"https:\/\/jovial-turing.81-169-251-74.plesk.page\/?page_id=69"},"modified":"2025-07-24T11:45:28","modified_gmt":"2025-07-24T09:45:28","slug":"ambulante-behandlung-ambulante-rehabilitation","status":"publish","type":"page","link":"https:\/\/suchtmr.de\/index.php\/ambulante-behandlung-ambulante-rehabilitation\/","title":{"rendered":"Therapie bei Abh\u00e4ngigkeit"},"content":{"rendered":"<ul>\n<li style=\"list-style-type: none;\">\n<ul><\/ul>\n<\/li>\n<\/ul>\n<p><\/p>\n<p><!-- \/wp:post-content --><!-- wp:heading {\"level\":6,\"style\":{\"typography\":{\"fontSize\":\"10px\"}}} --><\/p>\n<h6 style=\"font-size: 10px;\">\u00a9 Teerapat Pattanasoponpong\/ 123rf.com<\/h6>\n<p><!-- \/wp:heading --><!-- wp:image {\"id\":57,\"sizeSlug\":\"full\",\"linkDestination\":\"none\"} --><\/p>\n<figure><img decoding=\"async\" src=\"https:\/\/suchtmr.de\/wp-content\/uploads\/2024\/02\/Rausch_Breit.jpg\" alt=\"\" \/><\/figure>\n<p><!-- \/wp:image --><!-- wp:paragraph --><\/p>\n<p><!-- \/wp:paragraph --><!-- wp:list --><\/p>\n<ul>\n<li style=\"list-style-type: none;\">\n<ul><!-- wp:list-item --><\/ul>\n<\/li>\n<\/ul>\n<h4>Unser Angebot<\/h4>\n<p>\u00a0<\/p>\n<blockquote>\n<ul>\n<li style=\"list-style-type: none;\">\n<ul>\n<li>\n<p><strong>Sie streben eine stabile und zufriedene Suchtmittelabstinenz an?<\/strong><\/p>\n<\/li>\n<li>\n<p><strong>Sie m\u00f6chten sich mit den Hintergr\u00fcnden des Konsums auseinandersetzen und dabei unterst\u00fctzt werden, diese zu bearbeiten?<\/strong><\/p>\n<\/li>\n<li>\n<p><strong>Sie m\u00f6chten Ihre Situation &#8211; pers\u00f6nlich, famili\u00e4r und beruflich &#8211; langfristig verbessern?<\/strong><\/p>\n<\/li>\n<\/ul>\n<\/li>\n<\/ul>\n<p><strong><!-- \/wp:list-item --><!-- wp:list-item --><\/strong><\/p>\n<p>Wir sind f\u00fcr Sie da, wenn Sie Unterst\u00fctzung bei Problemen mit Alkohol, Cannabis und anderen stoffgebundenen Suchtmitteln suchen! Unser Angebot der ambulanten Therapie ist eine m\u00f6gliche Alternative zur station\u00e4ren Behandlung in einer Fachklinik. F\u00fcr Gl\u00fccksspiel bieten wir ein spezialisierte Behandlungsangebot an.<\/p>\n<p>\u00a0<\/p>\n<\/blockquote>\n<p><!-- \/wp:list-item --><!-- wp:heading {\"level\":4} --><\/p>\n<p><!-- \/wp:heading --><\/p>\n<p><!-- \/wp:list --><!-- wp:heading {\"level\":4} --><\/p>\n<p><!-- \/wp:heading --><\/p>\n<p><!-- \/wp:list --><!-- wp:heading {\"level\":4} --><\/p>\n<h4>Rahmenbedingungen<\/h4>\n<p><!-- \/wp:heading --><!-- wp:paragraph --><\/p>\n<blockquote>\n<p>Der Aufnahme in das ambulante Rehabilitationsprogramm geht eine ausf\u00fchrliche Vorbereitungsphase in vertraulichen Einzelgespr\u00e4chen voraus. Gerne machen wir Ihnen hierf\u00fcr ein zeitnahes Terminangebot<br \/>Die Kosten der Behandlung werden in der Regel von den Rentenversicherungen oder Ihrer Krankenkassen \u00fcbernommen.<\/p>\n<p>\u00a0<\/p>\n<\/blockquote>\n<p><!-- \/wp:paragraph --><!-- wp:paragraph --><\/p>\n<p><!-- \/wp:paragraph --><!-- wp:heading {\"level\":4} --><\/p>\n<h4>Behandlungsdauer und -umfang<\/h4>\n<p><!-- \/wp:heading --><!-- wp:paragraph --><\/p>\n<blockquote>\n<p>Die Behandlungsdauer betr\u00e4gt 6 bis 12 Monate und wird mit ein bis zwei Terminen pro Woche als Gruppentherapie sowie in Einzelgespr\u00e4chen durchgef\u00fchrt. F\u00fcr die Partnerinnen und Partner bieten wir begleitende Angeh\u00f6rigengespr\u00e4che an.<\/p>\n<p>Alle weiteren Fragen kl\u00e4ren wir gerne in einem pers\u00f6nlichen Gespr\u00e4ch.<\/p>\n<p><!-- \/wp:paragraph --><!-- wp:paragraph --><\/p>\n<\/blockquote>\n<p><!-- \/wp:paragraph --><!-- wp:heading {\"level\":4} --><\/p>\n<h4>\u00a0<\/h4>\n<h4>Unsere Standorte<\/h4>\n<p><!-- \/wp:heading --><!-- wp:quote --><\/p>\n<blockquote>\n<p><!-- wp:paragraph --><\/p>\n<p><strong><br \/><a style=\"color: #333333;\" href=\"https:\/\/suchtmr.de\/index.php\/kontakt\/hauptstelle-marburg\/\" data-type=\"page\" data-id=\"143\">Marburg<\/a><\/strong><br \/>Die Gruppensitzungen finden jeweils montags und donnerstags um 17:00 Uhr statt. Einzelgespr\u00e4che werden erg\u00e4nzend angeboten.<\/p>\n<p>Gruppensitzungen zum Thema Gl\u00fccksspiel finden immer mittwochs um 17:00 Uhr und begleitende Einzelgespr\u00e4che im zweiw\u00f6chigen Rhythmus nach Absprache statt. Die Einzelgespr\u00e4che im Gl\u00fccksspielbereich k\u00f6nnen auf Wunsch an den Standorten Biedenkopf oder Frankenberg vereinbart werden.<\/p>\n<p><a style=\"color: #333333;\" href=\"https:\/\/suchtmr.de\/index.php\/kontakt\/aussenstelle-stadt-allendorf\/\" data-type=\"page\" data-id=\"147\"><strong>Stadtallendorf<\/strong><\/a><br \/>Die Gruppensitzungen finden immer mittwochs um 15:00 Uhr in den R\u00e4umen der Beratungsstelle statt. Einzelgespr\u00e4che werden erg\u00e4nzend angeboten.<\/p>\n<p><!-- \/wp:paragraph --><\/p>\n<\/blockquote>\n<p><!-- \/wp:quote --><\/p>","protected":false},"excerpt":{"rendered":"<p>\u00a9 Teerapat Pattanasoponpong\/ 123rf.com Unser Angebot \u00a0 Sie streben eine stabile und zufriedene Suchtmittelabstinenz an? Sie m\u00f6chten sich mit den Hintergr\u00fcnden des Konsums auseinandersetzen und dabei unterst\u00fctzt werden, diese zu bearbeiten? Sie m\u00f6chten Ihre Situation &#8211; pers\u00f6nlich, famili\u00e4r und beruflich &#8211; langfristig verbessern? Wir sind f\u00fcr Sie da, wenn Sie Unterst\u00fctzung bei Problemen mit Alkohol, [&#8230;]<\/p>\n<p><a class=\"btn btn-secondary understrap-read-more-link\" href=\"https:\/\/suchtmr.de\/index.php\/ambulante-behandlung-ambulante-rehabilitation\/\">Weiterlesen\u00a0\u2026<span class=\"screen-reader-text\"> from Therapie bei Abh\u00e4ngigkeit<\/span><\/a><\/p>\n","protected":false},"author":1,"featured_media":0,"parent":0,"menu_order":0,"comment_status":"closed","ping_status":"closed","template":"","meta":{"footnotes":""},"class_list":["post-69","page","type-page","status-publish","hentry"],"_links":{"self":[{"href":"https:\/\/suchtmr.de\/index.php\/wp-json\/wp\/v2\/pages\/69","targetHints":{"allow":["GET"]}}],"collection":[{"href":"https:\/\/suchtmr.de\/index.php\/wp-json\/wp\/v2\/pages"}],"about":[{"href":"https:\/\/suchtmr.de\/index.php\/wp-json\/wp\/v2\/types\/page"}],"author":[{"embeddable":true,"href":"https:\/\/suchtmr.de\/index.php\/wp-json\/wp\/v2\/users\/1"}],"replies":[{"embeddable":true,"href":"https:\/\/suchtmr.de\/index.php\/wp-json\/wp\/v2\/comments?post=69"}],"version-history":[{"count":13,"href":"https:\/\/suchtmr.de\/index.php\/wp-json\/wp\/v2\/pages\/69\/revisions"}],"predecessor-version":[{"id":490,"href":"https:\/\/suchtmr.de\/index.php\/wp-json\/wp\/v2\/pages\/69\/revisions\/490"}],"wp:attachment":[{"href":"https:\/\/suchtmr.de\/index.php\/wp-json\/wp\/v2\/media?parent=69"}],"curies":[{"name":"wp","href":"https:\/\/api.w.org\/{rel}","templated":true}]}}