{"id":53,"date":"2024-02-29T09:32:30","date_gmt":"2024-02-29T08:32:30","guid":{"rendered":"https:\/\/jovial-turing.81-169-251-74.plesk.page\/?page_id=53"},"modified":"2025-12-03T16:39:49","modified_gmt":"2025-12-03T15:39:49","slug":"unsere-geschichte","status":"publish","type":"page","link":"https:\/\/suchtmr.de\/index.php\/unsere-geschichte\/","title":{"rendered":"\u00dcber uns"},"content":{"rendered":"\n<figure class=\"wp-block-image\"><img decoding=\"async\" src=\"https:\/\/suchtmr.de\/wp-content\/uploads\/2024\/08\/20240828_150525-klein2-1024x703.jpg\" alt=\"\"\/><\/figure>\n\n\n\n<p><\/p>\n\n\n\n<h5 class=\"wp-block-heading has-medium-font-size\"><strong>Unsere Geschichte<\/strong><\/h5>\n\n\n\n<p>Die Suchtberatung Marburg besteht seit 1970. 1984 wurde sie erweitert um die Abteilung Jugend- und Drogenberatung. 1994 erhielten wir die Anerkennung der Rentenversicherer und der Krankenkassen zur Durchf\u00fchrung von ambulanter Rehabilitation, die wir seitdem mit zur Zeit drei Therapiegruppen durchf\u00fchren.<br><br>Im Jahr 2005 hat unser Tr\u00e4ger im Rahmen eines Betriebs\u00fcbergangs die bisherige Jugend- und Drogenberatungsstelle Stadtallendorf mit der Fachstelle f\u00fcr Suchtpr\u00e4vention und dem Betreuten Wohnen \u00fcbernommen.<br><br>2006&nbsp;wurde das Diakonische Werk Oberhessen (DWO) Tr\u00e4ger der Einrichtung. Im Oktober 2011 ist unser Qualit\u00e4tsmanagementsystem(QM) gepr\u00fcft worden und wir erhielten die Zertifizierung nach DIN ISO 9001 von der DQS, der Deutschen Gesellschaft zur Zertifizierung von Managementsystemen.<\/p>\n\n\n\n<p>Durch&nbsp;die Fusion des DWO mit dem Diakonischen Werk Biedenkopf-Gladenbach&nbsp;2016, ist die Beratungsstelle nun Teil des Diakonischen Werks Marburg-Biedenkopf und&nbsp;zus\u00e4tzlich am Standort Biedenkopf vertreten.<\/p>\n\n\n\n<p><\/p>\n\n\n\n<p><\/p>\n\n\n\n<p class=\"has-medium-font-size\"><strong>Sekretariat und Anmeldung<\/strong><\/p>\n\n\n\n<h3 class=\"wp-block-heading has-medium-font-size\">Hauptstelle Marburg<\/h3>\n\n\n\n<p>Diana Seipp-Lenz und&nbsp;Ulrike Schonert<br>Tel. 0 64 21 &#8211; 26 0 33 (N\u00e4heres unter <a href=\"https:\/\/suchtmr.de\/index.php\/kontakt\/\" data-type=\"page\" data-id=\"26\">Kontakt<\/a>)<\/p>\n\n\n\n<h3 class=\"wp-block-heading has-medium-font-size\">Au\u00dfenstelle Stadtallendorf<\/h3>\n\n\n\n<p>Sonja Bartsch<br>Tel. 0 64 28 &#8211; 73 33 (N\u00e4heres\u00a0unter <a href=\"https:\/\/suchtmr.de\/index.php\/kontakt\/\" data-type=\"page\" data-id=\"26\">Kontakt<\/a>)<\/p>\n\n\n\n<h3 class=\"wp-block-heading has-medium-font-size\">Au\u00dfenstelle Biedenkopf<\/h3>\n\n\n\n<p>Tel. 0 64 61 &#8211; 95 40 17 (N\u00e4heres unter <a href=\"https:\/\/suchtmr.de\/index.php\/kontakt\/\" data-type=\"page\" data-id=\"26\">Kontakt<\/a>)<\/p>\n\n\n\n<p>     <br><br><strong>Gesamtleitung:&nbsp; Harald Spreda<\/strong>&nbsp;<\/p>\n\n\n\n<p><\/p>\n\n\n\n<p><strong>Unser Beratungs- und Behandlungsteam besteht aus:<\/strong><\/p>\n\n\n\n<p>Dipl. Sozialarbeiterinnen, Dipl.-Sozialp\u00e4dagogInnen, Dipl.-P\u00e4dagogInnen, Dipl.- Psychologin und Mitarbeit einer Fach\u00e4rztin f\u00fcr Psychiatrie und Psychotherapie.<\/p>\n\n\n\n<ul class=\"wp-block-list\">\n<li><a href=\"https:\/\/suchtmr.de\/index.php\/unser-leitbild\/\" data-type=\"page\" data-id=\"56\">Unser Leitbild<\/a><\/li>\n\n\n\n<li><a href=\"https:\/\/suchtmr.de\/index.php\/unser-verstaendnis-von-sucht\/\" data-type=\"page\" data-id=\"59\">Unser Verst\u00e4ndnis von Sucht<\/a><\/li>\n<\/ul>\n\n\n\n<p><\/p>\n","protected":false},"excerpt":{"rendered":"<p>Unsere Geschichte Die Suchtberatung Marburg besteht seit 1970. 1984 wurde sie erweitert um die Abteilung Jugend- und Drogenberatung. 1994 erhielten wir die Anerkennung der Rentenversicherer und der Krankenkassen zur Durchf\u00fchrung von ambulanter Rehabilitation, die wir seitdem mit zur Zeit drei Therapiegruppen durchf\u00fchren. Im Jahr 2005 hat unser Tr\u00e4ger im Rahmen eines Betriebs\u00fcbergangs die bisherige Jugend- [&#8230;]<\/p>\n<p><a class=\"btn btn-secondary understrap-read-more-link\" href=\"https:\/\/suchtmr.de\/index.php\/unsere-geschichte\/\">Weiterlesen\u00a0\u2026<span class=\"screen-reader-text\"> from \u00dcber uns<\/span><\/a><\/p>\n","protected":false},"author":1,"featured_media":0,"parent":0,"menu_order":0,"comment_status":"closed","ping_status":"closed","template":"","meta":{"footnotes":""},"class_list":["post-53","page","type-page","status-publish","hentry"],"_links":{"self":[{"href":"https:\/\/suchtmr.de\/index.php\/wp-json\/wp\/v2\/pages\/53","targetHints":{"allow":["GET"]}}],"collection":[{"href":"https:\/\/suchtmr.de\/index.php\/wp-json\/wp\/v2\/pages"}],"about":[{"href":"https:\/\/suchtmr.de\/index.php\/wp-json\/wp\/v2\/types\/page"}],"author":[{"embeddable":true,"href":"https:\/\/suchtmr.de\/index.php\/wp-json\/wp\/v2\/users\/1"}],"replies":[{"embeddable":true,"href":"https:\/\/suchtmr.de\/index.php\/wp-json\/wp\/v2\/comments?post=53"}],"version-history":[{"count":8,"href":"https:\/\/suchtmr.de\/index.php\/wp-json\/wp\/v2\/pages\/53\/revisions"}],"predecessor-version":[{"id":522,"href":"https:\/\/suchtmr.de\/index.php\/wp-json\/wp\/v2\/pages\/53\/revisions\/522"}],"wp:attachment":[{"href":"https:\/\/suchtmr.de\/index.php\/wp-json\/wp\/v2\/media?parent=53"}],"curies":[{"name":"wp","href":"https:\/\/api.w.org\/{rel}","templated":true}]}}