{"id":149,"date":"2024-03-05T15:09:20","date_gmt":"2024-03-05T14:09:20","guid":{"rendered":"https:\/\/jovial-turing.81-169-251-74.plesk.page\/?page_id=149"},"modified":"2024-03-06T15:56:10","modified_gmt":"2024-03-06T14:56:10","slug":"aussenstelle-biedenkopf","status":"publish","type":"page","link":"https:\/\/suchtmr.de\/index.php\/kontakt\/aussenstelle-biedenkopf\/","title":{"rendered":"Au\u00dfenstelle Biedenkopf"},"content":{"rendered":"\n<p><strong>Suchtberatungsstelle <\/strong><strong>Diakonisches Werk<\/strong><br><strong>Schulstra\u00dfe 25<br>35216 Biedenkopf<br><br>Tel.&nbsp;&nbsp;&nbsp; 0 64 61 &#8211; 95 40 17&nbsp;&nbsp;&nbsp;&nbsp;&nbsp;&nbsp;<br>Fax.:&nbsp; 0 64 61 &#8211; 95 40 22<br>Mail:&nbsp; <\/strong><a href=\"mailto:biedenkopf.suchtdwmb@ekkw.de\"><strong>biedenkopf.suchtdwmb(at)ekkw.de<\/strong><\/a><\/p>\n\n\n\n<p><strong>Termine sind nach Absprache auch am Standort Gladenbach m\u00f6glich.<\/strong><\/p>\n\n\n\n<h3 class=\"wp-block-heading\">Ihr Weg zu uns<\/h3>\n\n\n\n<p>Von&nbsp;B62 (Umgehungsstra\u00dfe) kommend:&nbsp;Fahren Sie&nbsp;an der Abfahrt &#8222;Biedenkopf Mitte&#8220; ab.&nbsp;Folgen Sie der Vorfahrtsstra\u00dfe \u00fcber den Bahn\u00fcbergang bis zum Kreisverkehr, den sie geradeaus an der zweiten Ausfahrt verlassen. Sie treffen auf die Hainstra\u00dfe, der sie links abbiegend durch eine 30er Zone folgen. An der n\u00e4chsten Kreuzung biegen Sie links in die Schulstra\u00dfe ein und folgen ihr bis zum zweiten Zebrastreifen. Sie finden uns dort auf der rechten Stra\u00dfenseite.&nbsp;Gute Parkm\u00f6glichkeiten&nbsp;finden Sie, wenn Sie direkt hinter dem Zebrastreifen, links in den Pfefferacker einbiegen.<\/p>\n\n\n\n<div id=\"lmb_69f7d36fb3481\" class=\"map_block_leaflet\" style=\"height: 220px\"><\/div>\n<script>\n\t( function(){\n\t\tfunction is_loading() {\n\t\t\treturn document.body.classList.contains(\"loading\");\n\t\t}\n\t\t\n\t\tfunction initilize() {\n\t\t\tconst map = L.map(\"lmb_69f7d36fb3481\").setView([\"50.9118262\", \"8.5263932533346\"], \"15\");\n\t\n\t\t\tL.tileLayer(\"https:\/\/{s}.basemaps.cartocdn.com\/rastertiles\/voyager\/{z}\/{x}\/{y}{r}.png\", {\n\t\t\t\tattribution: '&copy; <a href=\"http: \/\/www.openstreetmap.org\/copyright\">OpenStreetMap<\/a> &copy; <a href=\"https:\/\/carto.com\/attribution\">CARTO<\/a>'\n\t\t\t}).addTo(map);\n\t\n\t\t\t\t\tmap.scrollWheelZoom.disable();\n\t\t\n\t\t\t\t\tconst icon = new L.Icon.Default();\n\t\t\n\t\t\t\t\tL.marker([\"50.9118262\", \"8.5263932533346\"], { icon: icon}).addTo(map);\n\t\t\n\t\t\tconst timer = 100;\n\t\t\tfunction checkRender() {\n\t\t\t\tif( is_loading()) {\n\t\t\t\t\tsetTimeout(function(){\n\t\t\t\t\t\tcheckRender();\n\t\t\t\t\t}, timer);\n\t\t\t\t} else {\n\t\t\t\t\tmap.invalidateSize(true);\n\t\t\t\t}\n\t\t\t}\n\n\t\t\tconst container = document.getElementById(\"lmb_69f7d36fb3481\");\n\t\t\tconst observer = ResizeObserver && new ResizeObserver(function() {\n\t\t\t\tmap.invalidateSize(true);\n\t\t\t});\n\n\t\t\tobserver && observer.observe(container);\n\t\t}\n\n\t\tdocument.addEventListener(\"DOMContentLoaded\", initilize);\n\t} )();\n<\/script>\n\n\n<h2 class=\"wp-block-heading\">Schreiben Sie uns eine Nachricht<\/h2>\n\n\n\n<div class=\"wpcf7 no-js\" id=\"wpcf7-f34-o1\" lang=\"de-DE\" dir=\"ltr\" data-wpcf7-id=\"34\">\n<div class=\"screen-reader-response\"><p role=\"status\" aria-live=\"polite\" aria-atomic=\"true\"><\/p> <ul><\/ul><\/div>\n<form action=\"\/index.php\/wp-json\/wp\/v2\/pages\/149#wpcf7-f34-o1\" method=\"post\" class=\"wpcf7-form init\" aria-label=\"Kontaktformular\" novalidate=\"novalidate\" data-status=\"init\">\n<fieldset class=\"hidden-fields-container\"><input type=\"hidden\" name=\"_wpcf7\" value=\"34\" \/><input type=\"hidden\" name=\"_wpcf7_version\" value=\"6.1.5\" \/><input type=\"hidden\" name=\"_wpcf7_locale\" value=\"de_DE\" \/><input type=\"hidden\" name=\"_wpcf7_unit_tag\" value=\"wpcf7-f34-o1\" \/><input type=\"hidden\" name=\"_wpcf7_container_post\" value=\"0\" \/><input type=\"hidden\" name=\"_wpcf7_posted_data_hash\" value=\"\" \/>\n<\/fieldset>\n<p><label> Ihr Name<br \/>\n<span class=\"wpcf7-form-control-wrap\" data-name=\"your-name\"><input size=\"40\" maxlength=\"400\" class=\"wpcf7-form-control wpcf7-text wpcf7-validates-as-required\" autocomplete=\"name\" aria-required=\"true\" aria-invalid=\"false\" value=\"\" type=\"text\" name=\"your-name\" \/><\/span> <\/label>\n<\/p>\n<p><label> Ihre E-Mailadresse<br \/>\n<span class=\"wpcf7-form-control-wrap\" data-name=\"your-email\"><input size=\"40\" maxlength=\"400\" class=\"wpcf7-form-control wpcf7-email wpcf7-validates-as-required wpcf7-text wpcf7-validates-as-email\" autocomplete=\"email\" aria-required=\"true\" aria-invalid=\"false\" value=\"\" type=\"email\" name=\"your-email\" \/><\/span> <\/label>\n<\/p>\n<p><label> Betreff<br \/>\n<span class=\"wpcf7-form-control-wrap\" data-name=\"your-subject\"><input size=\"40\" maxlength=\"400\" class=\"wpcf7-form-control wpcf7-text wpcf7-validates-as-required\" aria-required=\"true\" aria-invalid=\"false\" value=\"\" type=\"text\" name=\"your-subject\" \/><\/span> <\/label>\n<\/p>\n<p><label> Ihre Nachricht (optional)<br \/>\n<span class=\"wpcf7-form-control-wrap\" data-name=\"your-message\"><textarea cols=\"40\" rows=\"10\" maxlength=\"2000\" class=\"wpcf7-form-control wpcf7-textarea\" aria-invalid=\"false\" name=\"your-message\"><\/textarea><\/span> <\/label>\n<\/p>\n<p><input class=\"wpcf7-form-control wpcf7-submit has-spinner\" type=\"submit\" value=\"Senden\" \/>\n<\/p><div class=\"wpcf7-response-output\" aria-hidden=\"true\"><\/div>\n<\/form>\n<\/div>\n\n\n\n\n<figure class=\"wp-block-image size-full\"><img fetchpriority=\"high\" decoding=\"async\" width=\"500\" height=\"407\" src=\"https:\/\/suchtmr.de\/wp-content\/uploads\/2023\/11\/Foto_Beratungsstelle_Biedenkopf_500px.jpg\" alt=\"\" class=\"wp-image-29\" srcset=\"https:\/\/suchtmr.de\/wp-content\/uploads\/2023\/11\/Foto_Beratungsstelle_Biedenkopf_500px.jpg 500w, https:\/\/suchtmr.de\/wp-content\/uploads\/2023\/11\/Foto_Beratungsstelle_Biedenkopf_500px-300x244.jpg 300w\" sizes=\"(max-width: 500px) 100vw, 500px\" \/><figcaption class=\"wp-element-caption\">Standort Biedenkopf \u00a9 DWMB <\/figcaption><\/figure>\n","protected":false},"excerpt":{"rendered":"<p>Suchtberatungsstelle Diakonisches WerkSchulstra\u00dfe 2535216 Biedenkopf Tel.&nbsp;&nbsp;&nbsp; 0 64 61 &#8211; 95 40 17&nbsp;&nbsp;&nbsp;&nbsp;&nbsp;&nbsp;Fax.:&nbsp; 0 64 61 &#8211; 95 40 22Mail:&nbsp; biedenkopf.suchtdwmb(at)ekkw.de Termine sind nach Absprache auch am Standort Gladenbach m\u00f6glich. Ihr Weg zu uns Von&nbsp;B62 (Umgehungsstra\u00dfe) kommend:&nbsp;Fahren Sie&nbsp;an der Abfahrt &#8222;Biedenkopf Mitte&#8220; ab.&nbsp;Folgen Sie der Vorfahrtsstra\u00dfe \u00fcber den Bahn\u00fcbergang bis zum Kreisverkehr, den sie geradeaus [&#8230;]<\/p>\n<p><a class=\"btn btn-secondary understrap-read-more-link\" href=\"https:\/\/suchtmr.de\/index.php\/kontakt\/aussenstelle-biedenkopf\/\">Weiterlesen\u00a0\u2026<span class=\"screen-reader-text\"> from Au\u00dfenstelle Biedenkopf<\/span><\/a><\/p>\n","protected":false},"author":1,"featured_media":0,"parent":26,"menu_order":3,"comment_status":"closed","ping_status":"closed","template":"","meta":{"footnotes":""},"class_list":["post-149","page","type-page","status-publish","hentry"],"_links":{"self":[{"href":"https:\/\/suchtmr.de\/index.php\/wp-json\/wp\/v2\/pages\/149","targetHints":{"allow":["GET"]}}],"collection":[{"href":"https:\/\/suchtmr.de\/index.php\/wp-json\/wp\/v2\/pages"}],"about":[{"href":"https:\/\/suchtmr.de\/index.php\/wp-json\/wp\/v2\/types\/page"}],"author":[{"embeddable":true,"href":"https:\/\/suchtmr.de\/index.php\/wp-json\/wp\/v2\/users\/1"}],"replies":[{"embeddable":true,"href":"https:\/\/suchtmr.de\/index.php\/wp-json\/wp\/v2\/comments?post=149"}],"version-history":[{"count":4,"href":"https:\/\/suchtmr.de\/index.php\/wp-json\/wp\/v2\/pages\/149\/revisions"}],"predecessor-version":[{"id":187,"href":"https:\/\/suchtmr.de\/index.php\/wp-json\/wp\/v2\/pages\/149\/revisions\/187"}],"up":[{"embeddable":true,"href":"https:\/\/suchtmr.de\/index.php\/wp-json\/wp\/v2\/pages\/26"}],"wp:attachment":[{"href":"https:\/\/suchtmr.de\/index.php\/wp-json\/wp\/v2\/media?parent=149"}],"curies":[{"name":"wp","href":"https:\/\/api.w.org\/{rel}","templated":true}]}}